Suppose 78 = y - 3*p, -181 + 18 = -2*y - p. List the prime factors of ((-458)/(-6))/(9/y).
3, 229
Let l = -97568 - -140804. List the prime factors of l.
2, 3, 1201
Suppose 25*s + 39*s = 7*s + 258666. What are the prime factors of s?
2, 2269
Let t = -7668 - -13358. List the prime factors of t.
2, 5, 569
Suppose 57*k - 78723 = 54*k - 5*m, -4*k + 4*m = -104868. List the prime factors of k.
2, 3, 31, 47
Let s = 29 - 25. Suppose s*n - n - 318 = 0. Let d = 227 - n. What are the prime factors of d?
11
Let j(y) = -y**3 + y**2 + y + 1. Let a(v) = -v**3 + 3*v**2 + 11*v + 8. Let c(n) = a(n) - 5*j(n). What are the prime factors of c(5)?
3, 7, 23
Suppose -r + 7 = -v, -13*v + 8*v = r + 11. What are the prime factors of (-3*r/(-24))/(2/2544)?
2, 3, 53
Let v = 6339 + 1921. List the prime factors of v.
2, 5, 7, 59
Suppose 420 = 4*x - 14*x. List the prime factors of -4 + (-7 - x/3).
3
Let b = -204 + 206. Suppose b*m + 8 = 786. List the prime factors of m.
389
Suppose 0 = 4*n - 2*v - 230656, 1145*v = -n + 1149*v + 57671. What are the prime factors of n?
3, 43, 149
Let t(c) = c**3 + 18*c**2 + 32*c + 9. Let f be 4 + 1/(2 + -1) + 44. Suppose -4*b - 2*j - 58 = 0, -3*b - j = -5*j + f. List the prime factors of t(b).
2, 3, 17
Let s = -5988 - -35756. List the prime factors of s.
2, 61
Let l(c) be the third derivative of 25*c**4/24 + 43*c**3/6 - c**2 - 4. What are the prime factors of l(6)?
193
Let u = 21765 + -21161. List the prime factors of u.
2, 151
Let r(u) = 2*u - 19. Let n be r(11). Suppose -33 + n = -6*t. Suppose 10 = -t*p, 4*p - p + 243 = 3*k. What are the prime factors of k?
79
Suppose -1240*g + 118628 = -1193*g. List the prime factors of g.
2, 631
Suppose 0 = -4*l - 4*q + 41300, 5*l + 105*q - 109*q = 51544. List the prime factors of l.
2, 2579
Suppose p - 2*p + 4*h - 22 = 0, 49 = -3*p - 5*h. Let b(z) = 2*z**3 - 60*z**2 - 96. Let s be b(30). Let f = p - s. What are the prime factors of f?
2, 3, 13
List the prime factors of (((-14920)/(-28))/((-15)/35))/(8/(-132)).
5, 11, 373
Let s(h) = -441*h**3 - 5*h**2 + 4*h + 3. Let r(c) = -440*c**3 - 4*c**2 + 3*c + 2. Let t(q) = 6*r(q) - 5*s(q). List the prime factors of t(-1).
3, 5, 29
Let w = 71922 - 32603. What are the prime factors of w?
7, 41, 137
Let d(y) = -4*y**2 + 36*y + 6. Let a be d(9). Suppose -244 - 464 = -a*k. Let n = k - 89. What are the prime factors of n?
29
Let h = 270 + -694. What are the prime factors of (h/6)/((-22)/33)?
2, 53
Suppose 25*c = 38*c + 6097. Let u = 700 + c. List the prime factors of u.
3, 7, 11
Suppose -4*w = -4*l - 33556, 7*w - 4*l + 33532 = 11*w. List the prime factors of w.
2, 7, 599
Suppose -568 = -9*j + 1295. Suppose g - 83 = j. List the prime factors of g.
2, 5, 29
Suppose -80*m + 72450 = -38*m. What are the prime factors of m?
3, 5, 23
Suppose 0 = -13*i + 4*i + 18. Suppose 3*j + b + i*b = 2577, 4*b - 4297 = -5*j. What are the prime factors of j?
3, 7, 41
Let y(r) = 171*r**2 + r. Let u be y(-1). Suppose 165*f - u*f = -1910. List the prime factors of f.
2, 191
Let k(h) = 7779*h**2 + 34*h - 22. List the prime factors of k(-2).
2, 3, 5171
Suppose -5*r = -z + 2, -4*r + 32 = -0*z - 5*z. Let u(l) = -82*l + 42. What are the prime factors of u(z)?
2, 349
Let n = -20 - -28. Let c(a) = 45*a**2 + 9 - 2*a**3 - 7*a + 44*a**2 + 3*a**3 - 95*a**2. List the prime factors of c(n).
3
Suppose -5*f + 2*f + 3 = -4*v, -f + 4*v = 7. Suppose 1 = -f*y + 1. Suppose y = -0*g - g + 112. What are the prime factors of g?
2, 7
Suppose 61*h - 24288 = 13*h. Suppose -k = c - h, 0 = 4*k + 2*c - 242 - 1778. What are the prime factors of k?
2, 3, 7
Let f(c) = -c**2 - 16*c - 38. Let v be f(-12). Suppose -v*s + 11*s = 165. List the prime factors of s.
3, 5, 11
Suppose -6 = -9*i + 12. List the prime factors of (i - 20/(-12))/((-2)/(-18)).
3, 11
Suppose -18*m + 15*m + 6 = 0. Let o be 10 - (3 - 6) - m. Suppose o*s - 400 = 6*s. What are the prime factors of s?
2, 5
Let h = 56 - -48. Let t = h - -1564. List the prime factors of t.
2, 3, 139
Let f = -566 - -570. Suppose 0 = h - 4*m - 1304, -f*h + 3*h - 4*m + 1344 = 0. What are the prime factors of h?
2, 331
Let s = 635 + -633. Let z be 28/8 + 1/2. Suppose 2*h - z*h + 58 = s*j, -j = -5*h - 53. What are the prime factors of j?
3, 11
Let d(t) = 45*t - 67. Let z(h) = -h - 3. Let i(m) = d(m) + 6*z(m). What are the prime factors of i(16)?
7, 11
Let j(l) = 13*l**3 + 339*l**2 + 39*l - 13. What are the prime factors of j(-24)?
17, 859
Suppose 2*s - 147 = -5*f, 4*f + 172 = -4*s + 460. Suppose 3*u - u + 82 = 0. Let d = u + s. What are the prime factors of d?
2, 3, 5
Let d(w) = -w**2 + 7*w + 20. Let q be d(9). Suppose -36 = 4*v + 32. What are the prime factors of ((-34)/(-3) - q)*(-153)/v?
2, 3, 7
List the prime factors of 25 + 38220 + 98/(-7).
38231
Suppose 0 = 69*j - 4*j - 0*j - 4504435. List the prime factors of j.
23, 131
Suppose -10*k + 2*d + 5000 = -8*k, 3*k - 7540 = -5*d. Let i = k + -1442. What are the prime factors of i?
1063
Let p be 3/9*(13 - -5). Suppose -2623 - 1523 = -p*q. List the prime factors of q.
691
Let m(n) be the first derivative of n**2/2 + 7*n + 9. Let u be m(7). Let j(z) = -2*z**2 + 31*z + 3. List the prime factors of j(u).
3, 5
Suppose -3*a + 20736 = -i + 6317, -4 = -2*i. What are the prime factors of a?
11, 19, 23
Let j(n) = n**3 + 7*n**2. Let g be j(-7). Suppose 4*c + 1746 + 934 = 4*z, g = -3*z - c + 2014. What are the prime factors of z?
11, 61
Suppose -56*r = 58*r - 1658814. What are the prime factors of r?
14551
Suppose 13*o = 72548 + 44218. What are the prime factors of o?
2, 3, 499
List the prime factors of 113*(-9)/6*(-792)/54.
2, 11, 113
Let u be (-16898)/(-6) - (-12)/(-9). Let q = u - 1598. List the prime factors of q.
1217
Let g(a) = 2*a**2 + 2*a - 4. Let d be g(-4). Let x be ((-30)/20)/((-2)/d). Let y = x + 12. What are the prime factors of y?
3
Suppose 12*t - 2658 = 10*t. Suppose 8401 = 17*r + t. List the prime factors of r.
2, 13
Let l(s) = 3*s**2 + 4*s - 5. Let k(q) = -q**2 - q + 1. Let b be (17 + -18)/(0 - 1). Let h(g) = b*l(g) + 2*k(g). What are the prime factors of h(-5)?
2, 3
Let g = 52 + -49. Suppose g*f + 10*f - 390 = 0. Let i = 55 - f. List the prime factors of i.
5
Suppose -x - 162 = -2*x + 642. List the prime factors of x.
2, 3, 67
Let n = -73 - -73. Suppose n = -16*o - 2292 + 676. Let i = o - -164. What are the prime factors of i?
3, 7
Let d(l) = 12*l**3 - 25*l**2 + 27*l - 16. What are the prime factors of d(13)?
2, 17, 661
Let w = -3272 + 3723. What are the prime factors of w?
11, 41
Suppose -u - 40 = -2*u - 3*k, 0 = 5*u + k - 200. Suppose 2508 = u*g - 2*g. List the prime factors of g.
2, 3, 11
Let b be ((12/24)/1)/((-2)/(-1056)). Let n be 2 - (-2 - 4/4). List the prime factors of (15/3 - n) + b.
2, 3, 11
Let f be 1407003/52 + (-12)/16. Suppose -48*a = 4257 - f. List the prime factors of a.
5, 19
Let t be (-210)/(-63)*(-1 + -197). What are the prime factors of (((-12)/10)/(-1))/((-2)/t)?
2, 3, 11
Suppose 6*d + 9 - 93 = 0. Suppose -8*g = -d*g - 1806. Let f = g + 543. What are the prime factors of f?
2, 11
Suppose 0 = j + 4*j - 50. List the prime factors of (-1 + (-333)/45)/((-2)/j).
2, 3, 7
Let b be 1363*3*(-1)/(-3). Let u = -514 + b. What are the prime factors of u?
3, 283
Let u(v) = v**3 - 5*v**2 - 26*v + 19. Let d be u(8). Suppose -d*o = -8*o + 25. What are the prime factors of o?
5
Let t be -4 + 2270 - (-20)/4. Suppose -19*s - t = -10954. List the prime factors of s.
457
Let p = -132 + 132. Suppose 5*l = 3*l + 22. Let s = l - p. What are the prime factors of s?
11
Let m(q) = -5*q**3 - 3*q**2 - 3*q - 7. Let l(n) = 2*n**2 - 13*n - 4. Let s be l(7). Suppose 7*f + 12 = s*f. List the prime factors of m(f).
2, 5, 11
Let o(m) be the third derivative of -m**5/60 - 7*m**4/24 - m**3/3 + 2*m**2. Let s be o(-6). Suppose -127 - 165 = -s*p. What are the prime factors of p?
73
Suppose w + 355 = -128. Let s = w - -856. What are the prime factors of s?
373
Suppose 0 = -5*l - 118*g + 114*g + 14204, 0 = -l - 5*g + 2824. List the prime factors of l.
2, 3, 79
Let p be (-2)/(-5) + (-42)/30 + 1. Suppose p = 3*o - 7*o - 296. List the prime factors of o/(-1) - (4 - 1).
71
Let k(m) = 5*m**2 + 9*m + 1. Suppose 3*v + 13 = h - 1, 2*h = -5*v - 16. Suppose -2*t = h*s + 2, -s - 2*s + 2 = 4*t. What are the prime factors of k(s)?
127
Suppose 18 = c - 4*y, -2*c + y